c + 0 - 1 - 37*c - 44*c. Let l(g) = g**2 - 3*g + 2. Let f be l(2). Suppose -2*r - r + 12 = f. Calculate x(r).
3
Let u(f) be the first derivative of -f**2 + 1/6*f**3 + 0*f - 1/24*f**4 - 3. Let d(b) be the second derivative of u(b). Determine d(-2).
3
Let p(k) = k**2 - k + 5. Let b be (1 - -8) + (0 - -1). Suppose 2*h - l - 3 = 0, 5*h - l - 2 - 4 = 0. Suppose -b = -3*w + 5*t, -t - h = 1. Calculate p(w).
5
Let m(j) = -6*j**2 + 6*j + 1. Let i(n) = 7*n**2 - 6*n - 2. Let o(w) = -5*i(w) - 6*m(w). Give o(3).
-5
Let y(a) = a**2 - 7*a + 1. Let v = -14 + 23. Let r be 26/6 + (-12)/v. Give y(r).
-11
Let o(a) = -a**3 - 7*a**2 + 7*a - 5. Suppose -5*l + 5*c = 40, 2*l + 4 = 4*c - 12. Determine o(l).
3
Let u(g) be the third derivative of -1/24*g**4 - 1/3*g**3 - 1/60*g**5 + 0*g + 2*g**2 + 0. Give u(0).
-2
Let k(t) = -3*t - 7. Suppose 3 = -2*s - s - 4*h, 2*h - 26 = 4*s. Give k(s).
8
Let z(q) be the third derivative of q**5/60 - q**3/6 + 4*q**2. Let a be 2 - 3*6/(-9). Suppose b - a = 5*b. Calculate z(b).
0
Let t(p) = -p - 3. Let w be (2/3)/(10/165). Suppose 0 = 5*i + l - w, -4*l = -5*i - 1 + 32. Suppose -1 = i*b + 11. Calculate t(b).
1
Let p be 7/(-4) + 1/(-4). Let w(u) = 31*u**2 + 2*u**3 + 2*u - u + 3*u - 27*u**2 + 3. Determine w(p).
-5
Let f be -3 + (-4 - -4) + 1. Let l(g) = 3*g**2. Determine l(f).
12
Suppose 2*k = -2*k + 4*g - 20, 5*k + 5*g + 45 = 0. Let o = -5 - k. Let s(i) = 3*i**3 - 2*i + 3*i - 1 - 2*i**o - 4*i**3. Determine s(-2).
-3
Let b = -3 - 1. Let r(x) = -x + 1. Let y(k) = 4*k - 5. Let p(z) = -10*r(z) - 2*y(z). Give p(b).
-8
Let b(q) be the first derivative of q**3/6 + q**2 - 3*q + 2. Let y(g) be the first derivative of b(g). Give y(-3).
-1
Let i(f) = 5*f**3 + 23*f**2 + 4*f - 1. Let y(j) = -2*j**3 - 8*j**2 - j. Let m(r) = 3*i(r) + 8*y(r). Calculate m(6).
-15
Suppose 2*v - 2*y - 3*y + 50 = 0, -5*y = -5*v - 110. Let j = 17 + v. Let g(r) = -3*r**2 - r**2 - 2 + 5*r**2. What is g(j)?
7
Let r be (2 - (-3)/(-2))*2. Let x be (0 - 0)/(-1) + 1. Let d(z) = r - 3 + x + z. Determine d(-2).
-3
Suppose -2*i - 6 = 4. Let b(f) = 4*f**2. Let n be b(1). Let w(k) = 0 + 3 - n*k - k**2 - 1. What is w(i)?
-3
Let w(p) = p - 1. Let g(x) = x - 7. Let l(c) = g(c) - 2*w(c). Determine l(-6).
1
Let z be 16/9 - (-6)/27. Let o be (3 - 0 - 3)/2. Let t = o - z. Let g(f) = -f**3 - f. Calculate g(t).
10
Let q(f) = -1 + f + 2*f - 4*f. What is q(-2)?
1
Let x(m) = 2*m - 1. Let n(o) = o**2 + 3*o - 2. Let z be n(-4). Let c be x(z). Let g(u) = 2*u + 2. Calculate g(c).
8
Let a = -11 + 19. Let h(u) = u**3 - 9*u**2 + 9*u - 9. Let b be h(a). Let i be b + (2 + -5 - -2). Let f(d) = d**3 + 4*d**2 + 4*d + 3. Give f(i).
3
Let j be (-3 + 22/6)*-3. Let a(f) = f - 2. What is a(j)?
-4
Let g(a) = a**2 + 7*a + 4. Suppose -3*z + 7 + 5 = -3*t, 0 = -t - z. Let o be (-276)/60 + t/5. Determine g(o).
-6
Let q(a) = a**3 - 2*a**2 - 2*a + 2. Let g be ((-2)/(-4))/((-1)/(-2)). Let m = g + -3. Determine q(m).
-10
Let k(h) = h - 14. Suppose -3*z + 40 = 13. Determine k(z).
-5
Let l(p) = -p**2 - p + 1 + 10*p - 10. Let y be l(7). Let h(w) = -3*w**2 + 15*w - 6. Let n(q) = q**2 - 7*q + 3. Let r(a) = y*n(a) + 2*h(a). What is r(-3)?
9
Let f(p) = p**3 - 5*p**2 + 4*p + 1. Let s be f(3). Let h(o) = -o**3 - 4*o**2 + o - 3. Determine h(s).
17
Let c(z) = 14*z. Let n(v) = 5*v. Let k(q) = -6*c(q) + 17*n(q). Let p(y) = -12*y - 1. Let j = -2 - -3. Let f(o) = j*p(o) + 5*k(o). What is f(-1)?
6
Let k = -13 + 9. Let w(u) = 5*u - 1. Let t(i) = i + 1. Let z(p) = k*t(p) + w(p). What is z(3)?
-2
Let a(t) = -t - 6*t**2 - t**2 - t**3 + 7*t**2. Let f(d) = d**2 - 6*d - 3. Let s be f(7). Suppose 0 = -s*z - 8, 4*m + 3*z - 4*z + 2 = 0. What is a(m)?
2
Suppose -u - 7 = -3*b, -5 = 4*b - 17. Let g(n) = u*n**2 - 2 - n**2 - 2 + 3. Determine g(-2).
3
Let i(d) be the first derivative of d**4/4 + 2*d**3 + 3*d**2/2 + d + 21. Calculate i(-3).
19
Let r(m) = m + 4. Suppose -2*x + 4*x = 12. Suppose f - o - 4*o = 13, 0 = 3*f - 4*o - x. What is r(f)?
2
Suppose -2*c + 9 = -5*c - 3*l, -4*c - 2*l = 2. Let g(u) = u - u - c*u**2 - 3*u**2. Calculate g(1).
-5
Let o(p) = p**3 - 3*p**2 - 5*p + 2. Let d be o(4). Let a(v) = v + 2. Let f be a(4). Let q = d + f. Let z(c) = 2*c - 2. What is z(q)?
6
Let f(c) be the second derivative of c**5/20 + c**4/12 - 2*c**3/3 - 3*c**2/2 - c. Let n(a) = 2*a**2 - 8*a - 2. Let g be n(4). Give f(g).
1
Let z(d) be the second derivative of 1/6*d**3 + 0 - 2*d + 2*d**2. Let t be 14/(-4) + 13/(-26). Give z(t).
0
Let d be (-1)/(((-2)/(-2))/(-3)). Let u(l) = -2 + 7 + 0 - 3*l. Let g(k) = -7*k + 11. Let v(q) = 2*g(q) - 5*u(q). Give v(d).
0
Let j(o) = o**3 + 6*o**2 + 4*o - 4. Suppose -4*s = -2 + 18. What is j(s)?
12
Let z(a) = -a**2 - 3*a - 3. Suppose o - 16 = -3*o. Let f(l) = l + 2*l - 1 - o*l. Let y(t) = 2*f(t) - z(t). Give y(0).
1
Let k(m) = 8 - m + 6*m - 2 - 3*m. Let y be 2/8 + (-3)/12. Suppose -5*g - 4*o - 41 = y, -g - 2*o - 21 = 2*o. Determine k(g).
-4
Let a(f) = -f. Let j(w) = -w**2 + 14*w - 19. Let p be j(13). Determine a(p).
6
Let g be 8/3 + 6/(-9). Let k(t) = -g*t**3 - 2*t + 0*t - 3*t + 3*t**3 - 3*t**2. Let o = 13 - 9. What is k(o)?
-4
Suppose a + 2*j = 5*j, 4*a - j = 0. Let f be (-1)/(-2)*(-3 - -7). Let x(w) = -f + w + a*w + w. Calculate x(4).
6
Let i(l) be the third derivative of 0 + 1/6*l**4 - 1/60*l**5 + 6*l**2 + 0*l - 1/3*l**3. Determine i(6).
-14
Let p = 55 - 52. Let j(a) be the second derivative of 0*a**p + 1/2*a**2 + 3*a + 1/4*a**4 + 0. What is j(1)?
4
Suppose 5*j + 12 = 2*j. Let s be (-11)/j + 4/16. Let t(q) be the third derivative of -q**4/12 - 2*q**3/3 + 2*q**2. Calculate t(s).
-10
Let f(i) = -2*i. Suppose -4*b = -3*k - 4, -3*k - 3*b - 18 = -0*k. Calculate f(k).
8
Suppose -2*y + 6 = -3*y. Let h(j) = -2*j - 8. Give h(y).
4
Let l(c) = c + 3*c + c + c - 2 + c**2. Let b be l(-5). Let i = b + 11. Let n(u) = 2*u - 4. Determine n(i).
4
Let d be (-1 - -2)/1 + -1. Let t(x) be the third derivative of -x**5/60 - x**4/24 - 3*x**3/2 - 3*x**2. Give t(d).
-9
Let n(t) = 11*t**3 + 2*t**2 - 19*t + 3. Let s(c) = 5*c**3 + c**2 - 9*c + 1. Let p(o) = -4*n(o) + 9*s(o). Calculate p(-3).
-6
Let r(s) = -s**3 + 5*s**2 - 5*s + 3. Let y = 2 + 1. Let f be r(y). Let x(i) = -15*i - 9. Let b(t) = 8*t + 5. Let q(a) = f*x(a) + 11*b(a). What is q(-2)?
5
Suppose -x = 3*k - 12, 2*k + 12 = k + 5*x. Let r(w) = 2*w**2 + 3*w + w - k*w**2 - 3. Give r(3).
0
Let g = -5 - -7. Let t be 3 + 0 + -1 + g. Let r(x) = -x**3 + 4*x**2 - 2*x + 2. Calculate r(t).
-6
Let c be ((-1)/(-3))/((-1)/6). Let y = 4 + c. Let h(w) = 3*w + 4 + 2 + 2*w - w**3 - 3*w**y. Calculate h(-4).
2
Let y(z) = -4*z**3 - 5*z**2 + 8*z - 5. Let m(p) = -4*p**3 - 6*p**2 + 9*p - 6. Let d(g) = 6*m(g) - 7*y(g). Give d(-1).
-4
Let d = 7 - -4. Let g = d - 8. Let k(x) = x**2 - 3*x + 4. Give k(g).
4
Let i(z) be the second derivative of -z**4/12 - 4*z**3/3 + 3*z**2/2 - z - 22. Determine i(-7).
10
Suppose 3*f = 2*f - 1. Let x(t) = 4*t - 1. Calculate x(f).
-5
Suppose w + 2 - 3 = -3*t, 5*t + 9 = -3*w. Let j(k) = k**2 + 8*k + 4. Calculate j(w).
4
Let o(c) = -1 - c**2 + c**3 + 1 + 1. Suppose 5 = 5*g - 5. Suppose g*r = -r + 3. Determine o(r).
1
Let h = -2/181 + 205/2172. Let q(l) be the second derivative of -h*l**4 + l - 3/2*l**2 + 0 - 7/6*l**3. Determine q(-5).
7
Let s be 3 + (-12)/(-4) + -2. Let w(i) = i - 5. Let m(f) = f - 6. Let b(r) = -5*m(r) + 6*w(r). Let l(j) = 5*j - 3. Let p(n) = -4*b(n) + l(n). What is p(s)?
1
Let w(y) be the second derivative of y**6/720 - y**4/6 - 2*y. Let i(d) be the third derivative of w(d). Give i(5).
5
Let h(u) be the third derivative of -3*u**5/20 + u**4/6 + 13*u**3/6 - 4*u**2. Let s(x) = -4*x**2 + 2*x + 6. Let l(c) = -6*h(c) + 13*s(c). What is l(-2)?
4
Let u(h) = h**2 + 5*h - 3. Let s(n) = -2*n**2 - 2*n + 0 - n**3 + 8 + 0 + 8*n**2. Let i be s(6). Determine u(i).
-7
Let n(l) = -l**2 - 2*l + 3. Let t be n(-4). Let d(o) be the first derivative of -1 + 3/2*o**2 + 7*o - 1/4*o**4 - 5/3*o**3. Determine d(t).
-8
Let b(f) = f**2 + 14*f + 15. Let j be b(-13). Suppose o + 6 = j*o. Let w(k) = -k + 5. What is w(o)?
-1
Let z(s) = s + 2. Let g = -3 + 13. Let r = -15 + g. Give z(r).
-3
Let f(i) = i + 0*i + 1 + 5 + i**2. Suppose 0*v + 5*v = 0. Give f(v).
6
Let n(g) = -g + 16. Suppose -4*o + 15 = -m - 4*m, 5*m + 15 = 5*o. Suppose -z - z = o. Give n(z).
16
Let c(z) = -z**3 + 4*z**2 + 6*z - 3. Let l be c(5). Suppose 